1
In base 10, what is -230 + 372?
142
In base 16, what is 40b0 - 5?
40ab
In base 10, what is 1369038 + 2?
1369040
In base 13, what is 155cc - 4?
155c8
In base 8, what is 1673042 - 4?
1673036
In base 3, what is -201 + 10121010?
10120102
In base 12, what is 1 - 148?
-147
In base 4, what is 1330 + -20203?
-12213
In base 7, what is -645033 - -1?
-645032
In base 5, what is 141334 - 40?
141244
In base 2, what is -1011 - 111010101100000?
-111010101101011
In base 3, what is -210002001011 - -2?
-210002001002
In base 11, what is a - 1683?
-1674
In base 8, what is 5 - -44620?
44625
In base 16, what is -10d - -120?
13
In base 2, what is 10001100 + -101000111110100?
-101000101101000
In base 14, what is 68 + -a3?
-39
In base 12, what is -1767 + -1?
-1768
In base 16, what is -28 + -cf2c?
-cf54
In base 12, what is -28 + -7b5?
-821
In base 9, what is 4 - 122168?
-122164
In base 12, what is 4 + 3375?
3379
In base 2, what is -101111011111 - 11001100101?
-1001001000100
In base 15, what is cd3 + -91?
c42
In base 2, what is 1000011010 - -10110?
1000110000
In base 8, what is 2532 - 3463?
-731
In base 5, what is -330441 + 13?
-330423
In base 3, what is -2202102 + -102212?
-10012021
In base 8, what is -6074 + 77?
-5775
In base 9, what is -2004 + 6?
-1887
In base 16, what is -2ec + 1a?
-2d2
In base 2, what is -100100 + -1011000010101?
-1011000111001
In base 14, what is 4 - 12ab7?
-12ab3
In base 4, what is 1322 + -12322?
-11000
In base 4, what is 11110 + 1001?
12111
In base 3, what is 120202221101 - 2?
120202221022
In base 3, what is 1000 + 1211000122?
1211001122
In base 4, what is 133102 + 1121?
200223
In base 10, what is 1226 + -159?
1067
In base 14, what is -b34 - -29?
-b09
In base 2, what is 11101 + 100010101101001?
100010110000110
In base 10, what is 25 + -3366?
-3341
In base 11, what is -49061 + 21?
-49040
In base 3, what is -100110110 - -21202?
-100011201
In base 13, what is aba - -3a3?
1190
In base 13, what is 267 - -13c?
3a6
In base 8, what is -655 - 53?
-730
In base 15, what is -4 + 1460?
145b
In base 8, what is -51 + -7672?
-7743
In base 14, what is 748 - 83?
6a5
In base 7, what is -5 - 56642?
-56650
In base 5, what is -4304 + -2444?
-12303
In base 10, what is 322 - -30?
352
In base 12, what is -490 - 66?
-536
In base 14, what is 226 - -2c?
254
In base 5, what is -230 - 3123?
-3403
In base 9, what is -66015 + -5?
-66021
In base 12, what is -2 - 729b72?
-729b74
In base 2, what is 111111010101 + 1000001?
1000000010110
In base 7, what is 5 + 141502?
141510
In base 2, what is -11111001110110 - -111101?
-11111000111001
In base 10, what is -111 + -47112?
-47223
In base 10, what is -6 - 5405?
-5411
In base 5, what is 21 - 1433?
-1412
In base 4, what is -3 - 1102032?
-1102101
In base 8, what is -1640 + -150?
-2010
In base 8, what is 1642 - -1317?
3161
In base 10, what is 9 - 4959?
-4950
In base 6, what is -1 + -21453443?
-21453444
In base 9, what is 676 + 13?
700
In base 9, what is -3333 + -152?
-3485
In base 5, what is -213413 - -4240?
-204123
In base 13, what is -1 + -27997?
-27998
In base 12, what is -1 + -a423?
-a424
In base 3, what is 20022102000 - -20?
20022102020
In base 2, what is -11 + 10011000000100111?
10011000000100100
In base 12, what is 17b - -558?
717
In base 9, what is 227507 + -4?
227503
In base 7, what is 1106 - -266?
1405
In base 9, what is -12 - 7155?
-7167
In base 6, what is -1544 - 1213?
-3201
In base 16, what is 2 - -a92b?
a92d
In base 16, what is 0 + -23d3c?
-23d3c
In base 12, what is -5 - 21523?
-21528
In base 4, what is 10012113 - -1202?
10013321
In base 5, what is 13 + -113404?
-113341
In base 13, what is -2 + -4015?
-4017
In base 15, what is 8e - d7?
-48
In base 8, what is 267 + 11001?
11270
In base 14, what is 0 - baa?
-baa
In base 10, what is -761 + 27?
-734
In base 8, what is -21 + 6404?
6363
In base 2, what is -100100 - 1010110111110?
-1010111100010
In base 9, what is -33 + -35157?
-35201
In base 12, what is -494730 + -2?
-494732
In base 13, what is 0 - c82?
-c82
In base 15, what is 23 + 705?
728
In base 15, what is -2 + 31a0a?
31a08
In base 4, what is 10332 - -1123?
12121
In base 11, what is -9 + -2520?
-2529
In base 3, what is -1022 - -220202?
212110
In base 3, what is 2012211101 - -2?
2012211110
In base 8, what is 37741 - 30?
37711
In base 12, what is 28 - 2b598?
-2b570
In base 7, what is -1 + -42656?
-42660
In base 10, what is 13 - -3282?
3295
In base 3, what is -10 - -22020022?
22020012
In base 2, what is 101110110011010 + 110?
101110110100000
In base 4, what is 1 - -100322?
100323
In base 8, what is 63 + -51?
12
In base 11, what is -34509 - -1a?
-3449a
In base 3, what is -1222100000 - 1?
-1222100001
In base 5, what is -10 - 1023011043?
-1023011103
In base 15, what is 77c + 11c?
899
In base 10, what is -29 - -13138?
13109
In base 7, what is 1 - -546453?
546454
In base 14, what is 3275 - 12?
3263
In base 11, what is -9389 + -1?
-938a
In base 13, what is 9 + 8285?
8291
In base 15, what is -16b46 + 5?
-16b41
In base 13, what is c740 - -18?
c758
In base 12, what is 0 + 7130?
7130
In base 9, what is -42123 - -3?
-42120
In base 9, what is -6882443 + -3?
-6882446
In base 13, what is -b0c + 218?
-8c4
In base 10, what is -4 + -16735?
-16739
In base 11, what is 5 + -377a3?
-37799
In base 7, what is 242 + -1404?
-1132
In base 14, what is 5 + 3b838?
3b83d
In base 4, what is 233333 - 10201?
223132
In base 3, what is 102212102201 + -1?
102212102200
In base 14, what is -6 - 5977?
-597d
In base 6, what is 0 + 5051234?
5051234
In base 8, what is 436 + 123?
561
In base 5, what is -14403 - 331?
-20234
In base 9, what is 17461 - -106?
17567
In base 14, what is -17 + -1ac?
-1c5
In base 6, what is 440130 - 0?
440130
In base 5, what is 2 - -1140340?
1140342
In base 13, what is 10 - -2383?
2393
In base 2, what is 110101110 - 1001110100010?
-1000111110100
In base 15, what is -72 - -aae5?
aa73
In base 9, what is 10 - -2021?
2031
In base 5, what is 13221 + -21?
13200
In base 16, what is -10 + 872?
862
In base 16, what is 14 - 6d?
-59
In base 14, what is -183b3 + -4?
-183b7
In base 7, what is -1552 + -4564?
-6446
In base 11, what is -8a6 + -2480?
-3276
In base 4, what is 2303 - 112202?
-103233
In base 12, what is 107191 + -1?
107190
In base 5, what is 303 - -32031?
32334
In base 11, what is 11793a - -4?
117943
In base 13, what is -1b - -c89?
c6b
In base 11, what is 7505 - -30?
7535
In base 9, what is 32318 + 4?
32323
In base 4, what is -323011 - -13?
-322332
In base 8, what is 17372600 + 0?
17372600
In base 5, what is -13 + 42332?
42314
In base 3, what is -1210000021012 - -11?
-1210000021001
In base 5, what is 133010240 + 0?
133010240
In base 7, what is -352600 + -62?
-352662
In base 2, what is 10101010101011100 - -11?
10101010101011111
In base 7, what is 151563 + 6?
151602
In base 11, what is 117 + 118?
234
In base 7, what is -1430303 - 4?
-1430310
In base 14, what is -6507b4 + 5?
-6507ad
In base 10, what is 17 + 2585?
2602
In base 11, what is 9 + 4285a?
42868
In base 4, what is -21 + -1033300111?
-1033300132
In base 3, what is -2021112012 - 0?
-2021112012
In base 10, what is 19 - -2764?
2783
In base 2, what is 1001010 - 1001001111001?
-1001000101111
In base 4, what is 11121 + 230?
12011
In base 13, what is -4a42 - 4?
-4a46
In base 2, what is 111111001 - -11101?
1000010110
In base 10, what is 3 - 18005?
-18002
In base 3, what is -2110100 + 2110?
-2100220
In base 15, what is abcb8 + 2?
abcba
In base 4, what is -30 - 3032220?
-3032310
In base 13, what is -b + -6125?
-6133
In base 12, what is -9346 - -18?
-932a
In base 2, what is -1010011001001 - -101?
-1010011000100
In base 3, what is -1021002102 - 10010?
-1021012112
In base 15, what is -4 - -3661?
365c
In base 7, what is 41140 + 0?
41140
In base 2, what is 0 + -10100111101101?
-10100111101101
In base 8, what is -7014 - 55?
-7071
In base 11, what is -33 - 4546?
-4579
In base 3, what is -102220100211 + 2?
-102220100202
In base 6, what is 11 + -2521505?
-2521454
In base 7, what is -665 + 601?
-64
In base 15, what is -26b + -9d?
-319
In base 7, what is 405601 - 5?
405563
In base 11, what is 34aa2 + 4?
34aa6
In base 14, what is 620a21 - 2?
620a1d
In base 3, what is -1011210111121 - 11?
-1011210111202
In base 7, what is -11 - -13311?
13300
In base 10, what is -8939 + -13?
-8952
In base 16, what is d3 - 42?
91